uppose -2*j + 86 = 5*d - 0*d, -70 = -4*d - j. What is the remainder when 41 is divided by d?
5
Let d = -1863 + 1871. Let n(o) = -o**3 - o**2 + 85. Calculate the remainder when n(0) is divided by d.
5
Suppose -2*f - 23 = -4*c - 93, 0 = -2*c - 4. Calculate the remainder when 125 is divided by f.
1
Suppose -z = -3*z. Let v(d) = d + 63. Let r(f) = f + 9. What is the remainder when v(z) is divided by r(8)?
12
Suppose -2*w = -3*r + 4, -4*w = -5*r + 7 + 1. Suppose -s + 5 + 2 = r. Suppose 18*j - 30 = 150. What is the remainder when j is divided by s?
3
Let j(w) = 13*w - 8. What is the remainder when j(6) is divided by ((-5)/3)/((-2)/18)?
10
Let l = -52 + 58. Suppose p - 2*q + l = -3*p, 5*q = 3*p + 22. Calculate the remainder when 3 is divided by p.
0
Let l(p) = -3*p**3 - p**2 - 7*p - 15. What is the remainder when 281 is divided by l(-2)?
15
Let y(p) = p**2 - 33*p - 1437. Calculate the remainder when -96*2*(-3)/12 is divided by y(-25).
9
Let i(u) = -1 - 4*u - 7 + u + 4*u**2 + 4. Let a(w) = w**3 + 2*w**2 - 6*w - 6. Let q be a(-3). What is the remainder when 68 is divided by i(q)?
22
What is the remainder when 215 is divided by (-243)/36*(-8)/6?
8
Suppose 5*q + 4 = -6. Let z be q/(-6) - 3/9. Suppose z = -5*w + w + 48. What is the remainder when w is divided by 7?
5
Let z be (50/(-4) + -1)*136/102. Let y = 52 + z. Calculate the remainder when y is divided by 7.
6
Let z(m) = 16*m**3 + 3*m**2 - 2*m + 1. Let k be z(1). Calculate the remainder when (-2)/(-8) - (-534)/8 is divided by 28*(4/6 - 3/k).
11
Suppose -7*j + 171 = -158. What is the remainder when 185 is divided by j?
44
Suppose -4*z + 34 = 2*q, -2*q + 1 = 7. What is the remainder when 69 is divided by z?
9
Let b = -35 + 24. Calculate the remainder when 109 is divided by (-310)/b + (1 - 26/22).
25
Suppose -4*l = -5*y - 29, -3*l - 2*l = y. Let s = -50 - -55. Suppose -5*j - 10 = -7*j, -s*b - 15 = -4*j. What is the remainder when l is divided by b?
0
Suppose -16 - 28 = -4*x. Suppose -9*q + x = -52. Calculate the remainder when 25 is divided by q.
4
Suppose 0 = 3*f - 4 - 26. Let s = -153 + 261. Suppose 0 = -0*v + 3*v - s. What is the remainder when v is divided by f?
6
Suppose -4*t + 0*b + 113 = b, 26 = t + b. Suppose 2*w = t + 15. What is the remainder when 64 is divided by w?
20
Let n = -11 - -20. What is the remainder when ((-124)/(-8) - -4)*(-56)/(-42) is divided by n?
8
Suppose -10 = 2*r, 4*z = 3*r + 28 + 3. Suppose 2*i = -3*v + 3*i + 86, 113 = z*v - 3*i. Suppose -13*x + 118 = -25. What is the remainder when v is divided by x?
7
Suppose i + 25 = 2*i. Let u(y) = 3*y**2 + 7*y + 2. What is the remainder when u(-6) is divided by i?
18
Let m(p) = 5*p + 55. What is the remainder when 67 is divided by m(-4)?
32
Suppose i + 34 = 5*z, 0*i - 3*i - 2 = 5*z. Calculate the remainder when 29 is divided by (-2)/i + 1 + (-88)/(-9).
7
Let r(z) = 16*z - 1. Let a = -36 + 60. Calculate the remainder when r(1) is divided by a/(-18) - (-34)/3.
5
Let s(t) = t**2 - 18*t + 2. Let r be s(14). Let b = 81 + r. Let o(u) = 23*u - 13. Calculate the remainder when o(4) is divided by b.
25
Suppose -29 = 3*z - 38. Suppose 28 = -z*k + 7*k. What is the remainder when 34 is divided by k?
6
Let n = 265 + -246. What is the remainder when 416 is divided by n?
17
Let q(l) = -72*l - 1. Suppose o + 2*o + 3 = 0. Calculate the remainder when q(o) is divided by 18.
17
Suppose 3*w - 108 = -4*o, -4*o - 64 = -6*o + w. What is the remainder when o is divided by 8?
6
Suppose o + 2*a = 92, -5*a - 157 = o - 3*o. What is the remainder when o is divided by 5?
1
Let c(f) = 4*f + 74. Let q(o) = -5*o - 75. Let j(t) = 4*c(t) + 3*q(t). Let r(a) = a**3 + 24*a + 12. What is the remainder when j(0) is divided by r(0)?
11
Let v(i) = -i**3 + 8*i**2 + 15*i - 23. Calculate the remainder when v(9) is divided by 4.
3
Suppose 20*s - 13765 - 975 = 0. Calculate the remainder when s is divided by 18.
17
Let z be ((-11)/(-2 + 1))/1. Suppose -19 = -4*w + w + 4*b, -b - 26 = -5*w. Suppose -w*i + z = -19. What is the remainder when 9 is divided by i?
3
Let f be -2*(-5)/(-20)*134. Let v = f - -156. Suppose -3*q - 31 = -4*q. Calculate the remainder when v is divided by q.
27
Suppose -q = -3*y - 93, 0 = -4*q - 3*y + 2*y + 385. What is the remainder when q is divided by 33?
30
Let s be (-1)/(-4) + (-28)/(-16). Suppose -2*d - s*h + 13 = 3, 2*h - 2 = 0. Calculate the remainder when d is divided by ((-2)/(-6))/((-1)/(-9)).
1
Calculate the remainder when (-1495)/3*(-1440)/800 is divided by 18.
15
Suppose 6*b = 3 + 9. Calculate the remainder when 298/8 - 2/8 is divided by 40/b + (-2 - (0 + -2)).
17
Let m(a) = -a**2 + 3*a - 6. Let n be m(3). Let g(r) = 0*r - 8*r + 9*r + 9. What is the remainder when 14 is divided by g(n)?
2
Suppose -5*y = 5*r - 335, -65 = -r + 2*y - y. Let v = r - 13. What is the remainder when v is divided by 3?
2
Let f(z) = z**3 + 6*z**2 + z - 1. Suppose -5*h + 12*h + 30*h - 1887 = 0. Calculate the remainder when h is divided by f(-5).
13
Let o(t) = 5*t - 17. Let d be o(5). Calculate the remainder when (-2)/d + (675/12 - -6) is divided by 21.
20
Let w = -190 + 231. Calculate the remainder when 367 is divided by w.
39
Suppose 4*y = 1023 - 467. Calculate the remainder when y is divided by 68.
3
Suppose -22*u + 46*u = 16200. Calculate the remainder when u is divided by 26.
25
What is the remainder when (-837)/(-30) + -5 - (-3)/30 is divided by 6?
5
Suppose 4*c - 20 = -v + 22, 4*c + 158 = 3*v. Let g(j) = 48*j**2 + 5. Calculate the remainder when g(-2) is divided by v.
47
Let l be ((-4312)/55 + (-6)/10)*1. Let r = -47 - l. Calculate the remainder when r is divided by 18.
14
Let p = 4 + -5. Let t = p + 5. Suppose o - 40 = -t*o. What is the remainder when 23 is divided by o?
7
Let m = -24 + 24. Suppose 4*f + 28 = 2*y, m = -3*y + 4*y + f + 1. Suppose -c - y*r + 18 = 0, 2*r - 6 = -2. Calculate the remainder when 17 is divided by c.
7
Let q = -44 + 51. Suppose q*a - 653 = -184. Let h(g) = 23*g**2 + g - 1. Calculate the remainder when a is divided by h(1).
21
Let o be -93 + (-3)/(0 + 3). Let a = o - -110. What is the remainder when 56 is divided by a?
8
Let g = 9 + 1. Calculate the remainder when (282/45 + 3/(-5))*3 is divided by g.
7
Suppose 5*m - 3*h - 19 = -5*h, 2*m - 3*h = 0. Suppose 0 = -5*l + q + 216, -m*l + 39 = -3*q - 81. Calculate the remainder when l is divided by 23.
21
Let m(n) = n**2 + 4*n - 1. Let w be m(-4). Let k(h) = 6*h**2. Calculate the remainder when (-5 + 4)/(-1) - -10 is divided by k(w).
5
Let n be 69 - (0 - (-4 - -1)). Let u = -37 + n. Calculate the remainder when 86 is divided by u.
28
Suppose 80 = 3*b + b. Let d = 2548 + -2542. What is the remainder when b is divided by d?
2
Let t = -64 + 110. Let i = t + -17. Calculate the remainder when 115 is divided by i.
28
Let d be 76/20 + 1/5. Suppose d*a - 164 - 20 = 0. What is the remainder when a is divided by 12?
10
Let w(v) = -v**2 + 17*v + 11. Let x be w(11). Let d = x - 71. What is the remainder when 27 is divided by d?
3
Let m(z) = -z**2 - 5*z + 6. What is the remainder when m(0) is divided by 1?
0
Let u = -11 - -11. Suppose u = -23*p + 16*p + 140. What is the remainder when p is divided by 8?
4
Suppose 3*l - r = 122, -2*r = -29*l + 24*l + 202. What is the remainder when 206 is divided by l?
38
What is the remainder when -1 + (-1)/((9 - 3)/(-126)) is divided by 2*1 - (-1 - 0)?
2
Let t = -633 + 706. Calculate the remainder when t is divided by 41.
32
Suppose -5*c = -1450 + 1365. Calculate the remainder when (-4)/(-2) + 195/3 is divided by c.
16
Let g(y) = 66*y**3 + 2*y - 1. Let f be g(1). Suppose d + f = 5*x, 2*d = 4*x - 3*d - 62. What is the remainder when 75 is divided by x?
10
Let y = -254 - -297. Calculate the remainder when 89 is divided by y.
3
Let u(j) = j**3 - 29*j**2 + 57*j - 63. Calculate the remainder when 41 is divided by u(27).
5
Let y be -10 + (3 - (10 - 4)). Calculate the remainder when 86 is divided by 2 - -1 - (y + -6).
20
Let p = 914 - 825. Calculate the remainder when p is divided by 27.
8
Suppose 2*a - 21 = -17, 0 = 2*k - 3*a - 66. Calculate the remainder when k is divided by 13.
10
Let b(w) = w**2 + 12*w - 11. Let f be b(-14). Suppose -3*j = -10 - f. What is the remainder when j is divided by 2?
1
Let r(a) = -35*a - 41. Suppose -7*p - 2*p - 45 = 0. Calculate the remainder when r(p)